
Let j(n) = 3*n**3 - 17*n**2 + 1749*n - 1734. Give j(1).
1
Let d(b) = -95*b + 125. What is d(0)?
125
Let x(p) = 417*p + 18737. Determine x(-45).
-28
Let p(m) = -3*m**3 + 617*m**2 + 46201*m - 313. Give p(264).
-49
Let y(i) = -2*i**2 - 36370*i + 5. Give y(0).
5
Let t(a) = 3*a**3 - 660*a**2 + 1293*a + 432. What is t(218)?
-2838
Let g(j) = -j**2 + 1153*j - 280382. Give g(349).
214
Let d(y) = 117*y**2 - 495*y + 993. Give d(2).
471
Let c(b) = -107*b**2 + 810*b + 28. Determine c(7).
455
Let o(c) = c**3 - 14*c**2 + 483*c + 5269. Calculate o(-8).
-3
Let q(l) = 3*l**3 + 85*l**2 + 370*l + 66. Calculate q(-4).
-246
Let j(y) = 19783*y + 7794486. What is j(-394)?
-16
Let s(c) = -9*c**3 - 1604*c**2 - 386*c - 5342. Calculate s(-178).
-2
Let r(w) = -3*w**2 - 8725*w + 380713. Determine r(43).
-9
Let r(u) = 1140087*u + 2280168. Give r(-2).
-6
Let p(w) = -w**2 + 546*w - 5370. What is p(10)?
-10
Let r(g) = -223180*g - 1115889. What is r(-5)?
11
Let g(x) = -x**3 + 360*x**2 + 60018*x - 981. What is g(484)?
-13
Let f(o) = -o**3 + 40*o**2 + 579*o - 11758. Calculate f(47).
-8
Let k(q) = -1650*q + 111059. Calculate k(67).
509
Let w(o) = 2*o**2 + 798*o + 74721. Determine w(-249).
21
Let q(i) = 21*i**2 - 761*i - 2272. What is q(-3)?
200
Let p(u) = -117*u**3 + 252*u**2 + 11*u + 10. Determine p(2).
104
Let o(g) = 481*g + 10911. Give o(-22).
329
Let i(m) = 2*m**3 - 793*m**2 - 6056*m - 1629. What is i(404)?
-13
Let m(k) = -27*k**2 + 445*k + 267. Calculate m(16).
475
Let w(k) = -7*k**2 - 65*k - 489. Give w(-12).
-717
Let p(d) = d**3 + 19*d**2 - 103*d + 1266. Give p(-25).
91
Let j(r) = -25*r**3 + 239*r**2 + 109*r + 14. Calculate j(10).
4
Let h(s) = 14*s**2 + 29456*s + 117837. Give h(-4).
237
Let n(c) = 23745*c**2 + 23758*c - 4. Determine n(-1).
-17
Let m(i) = 1864*i - 18943. Determine m(11).
1561
Let y(j) = -60792*j + 425544. Give y(7).
0
Let j(i) = -i**2 - 1364*i + 63269. Calculate j(45).
-136
Let w(f) = 120*f - 976. What is w(-7)?
-1816
Let x(h) = -54*h**2 - 11607*h + 563. Determine x(-215).
-82
Let h(a) = 4*a**2 - 1245*a + 46. Calculate h(0).
46
Let j(f) = -2*f**2 - 3502*f + 88768. What is j(25)?
-32
Let c(v) = 422*v**3 + 361*v + 718. Give c(-2).
-3380
Let u(d) = -3*d**3 - 306*d**2 - 3003*d + 6. Determine u(-91).
6
Let j(a) = -a**3 + 2006*a**2 + 63196*a - 99822. Determine j(2037).
-9
Let y(g) = -g**2 - 21*g + 370. Calculate y(-29).
138
Let h(c) = 340*c**2 - 112*c. Determine h(2).
1136
Let l(x) = -29*x**2 - 257*x + 3. Calculate l(-8).
203
Let s(n) = -1363*n - 13643. What is s(-10)?
-13
Let h(z) = 2*z**2 - 217*z + 631. What is h(105)?
-104
Let w(a) = 69*a**2 - 9792*a - 1240. Determine w(142).
-388
Let b(n) = -2*n**3 + 6*n**2 - 19*n - 26. Determine b(-4).
274
Let r(s) = -10*s**2 - 9*s - 164. Calculate r(-8).
-732
Let o(n) = -n**3 - 14*n**2 + 100*n + 286. What is o(-19)?
191
Let v(x) = -3*x**3 - 70*x**2 + 21*x + 5505. Calculate v(-13).
-7
Let s(b) = 4*b**2 + 4926*b + 19689. Give s(-4).
49
Let n(f) = -394*f**2 + 1202*f - 914. What is n(2)?
-86
Let o(z) = 1338*z - 189987. Determine o(142).
9
Let s(c) = -22237*c - 4402932. Determine s(-198).
-6
Let k(j) = -689*j + 14420. Give k(21).
-49
Let c(z) = -52*z - 2408. Determine c(-35).
-588
Let k(c) = -6355*c - 31596. Calculate k(-5).
179
Let l(m) = -4*m**2 - 23*m + 14. Determine l(-6).
8
Let x(w) = -4*w**3 + 66*w**2 - 249*w + 159. Give x(4).
-37
Let z(b) = -b**3 - 15*b**2 - 26*b - 708. Calculate z(-21).
2484
Let i(g) = g**2 - 3143*g - 31590. Give i(-10).
-60
Let h(r) = -r**2 - 10020*r - 349450. What is h(-35)?
25
Let y(c) = 87*c - 1804. Give y(24).
284
Let u(j) = 18*j**2 + 554*j - 3966. Give u(6).
6
Let f(w) = -57*w**3 + 14*w**2 + 14*w - 176. Determine f(3).
-1547
Let u(s) = 4*s**2 + 907*s - 1546. Give u(-229).
515
Let f(d) = 3357818*d - 26862540. Determine f(8).
4
Let u(m) = m**3 - 7*m**2 + 142*m - 1244. Give u(10).
476
Let x(t) = -20227*t - 323616. Calculate x(-16).
16
Let n(l) = -91*l**3 + 2*l**2 + 6*l + 4. Determine n(-1).
91
Let m(p) = p**3 + 589*p**2 + 3436*p - 36023. What is m(-583)?
123
Let r(b) = 5*b**3 + 1578*b**2 + 2521*b + 2646. What is r(-314)?
-180
Let t(a) = 3*a**3 + 361*a**2 - 632*a - 2324. Give t(-122).
360
Let o(x) = -13053*x - 2349559. Give o(-180).
-19
Let m(b) = -5*b**2 - 96*b + 446. Calculate m(5).
-159
Let j(f) = -12*f**2 + 82*f + 170. What is j(-4)?
-350
Let h(p) = -2*p**2 - 2183*p - 10869. Calculate h(-5).
-4
Let u(w) = -4*w**2 + 1776*w + 31152. Determine u(461).
-196
Let d(h) = 13*h**2 + 64*h + 588. What is d(-11)?
1457
Let r(c) = 9*c**2 - 118*c - 56. Determine r(18).
736
Let d(i) = 896*i**3 - 8*i**2 - 9*i. Calculate d(-1).
-895
Let z(d) = 14*d**2 + 17*d - 30. What is z(1)?
1
Let o(s) = 5*s**3 - 56*s**2 + 33*s - 451. Calculate o(11).
-209
Let v(m) = m**3 + 162*m**2 + 2213*m + 108. Calculate v(-15).
-12
Let o(h) = -5*h**3 + 353*h**2 - 871*h - 877. Give o(68).
7
Let t(v) = 14*v**3 + 8*v**2 - 959*v + 8. Give t(8).
16
Let x(a) = 2*a**3 + 159*a**2 + 102*a + 664. Give x(-79).
-1153
Let w(c) = -356*c + 54122. Give w(152).
10
Let j(k) = 39*k + 2543. Give j(-65).
8
Let l(k) = -147*k**3 + k - 6. Calculate l(2).
-1180
Let m(l) = -l**2 + 49*l + 2645. Calculate m(83).
-177
Let l(r) = -74*r**2 + 961*r - 2215. Calculate l(3).
2
Let j(k) = -179*k**2 - 60*k + 131. Calculate j(2).
-705
Let f(u) = -u**2 + 261*u + 2938. Give f(-11).
-54
Let z(m) = -43*m - 15922. What is z(-343)?
-1173
Let j(l) = -4*l**2 - 228*l + 1772. Determine j(-58).
1540
Let p(n) = -16*n**2 + 173*n - 455. What is p(6)?
7
Let t(y) = -4*y**2 - 3180*y - 22051. Give t(-7).
13
Let b(h) = -17*h**2 - 12044*h - 12048. Determine b(-1).
-21
Let z(u) = 91*u - 1171. Calculate z(8).
-443
Let x(g) = 15744*g + 8391535. Calculate x(-533).
-17
Let a(n) = 10322*n + 103213. Calculate a(-10).
-7
Let d(y) = -y**3 + 1451*y**2 - 61902*y - 235. Calculate d(44).
29
Let m(u) = -2*u**2 + 190*u + 100828. What is m(-182)?
0
Let u(t) = -3*t**3 + 32*t**2 + 13*t - 599. Give u(8).
17
Let u(k) = k**3 + 118*k**2 - 101*k + 1494. Calculate u(-119).
-648
Let j(f) = 23*f**3 + 6296*f**2 - 1646*f - 576. Calculate j(-274).
-28
Let b(p) = 28*p**3 + 252*p**2 + 8*p - 121. What is b(-9)?
-193
Let n(d) = 4807*d + 61016. Determine n(-12).
3332
Let t(w) = -6*w**2 - 78*w - 347. Determine t(-8).
-107
Let j(v) = -3*v**3 - 4*v**2 - 4661*v - 14020. Give j(-3).
8
Let o(c) = -15396*c - 215549. Calculate o(-14).
-5
Let q(t) = 2*t**3 - 187*t**2 - 1519*t + 307. Determine q(101).
-97
Let j(m) = 2*m**3 + 40*m**2 + 20*m + 443. Determine j(-20).
43
Let m(k) = -9*k**2 - 878*k - 7545. Give m(-88).
23
Let x(j) = -75*j**2 - 17966*j - 88004. Give x(-5).
-49
Let h(u) = u**2 - 436*u - 33686. What is h(-67)?
15
Let h(k) = -13*k**3 - 270*k**2 - 8*k - 1503. Give h(-21).
-12
Let s(j) = 248*j - 1088. Determine s(1).
-840
Let i(p) = -2249*p - 238384. What is i(-106)?
10
Let k(r) = -19460*r + 2198969. Calculate k(113).
-11
Let l(s) = 18*s**2 + 2551*s - 676. Give l(-142).
34
Let b(c) = c**3 + 102*c**2 + 70*c - 3390. Give b(-101).
-259
Let o(i) = -302*i**3 + 14*i**2 - 661*i + 658. What is o(1)?
-291
Let k(g) = -6*g**2 + 1206*g + 19438. Calculate k(216).
-2
Let z(h) = -12*h**2 + 758*h - 884. Determine z(61).
702
Let g(z) = 41*z**3 + 823*z**2 + 33*z - 536. Determine g(-20).
4
Let u(i) = 148037*i + 5329252. Calculate u(-36).
-80
Let r(p) = -505*p - 328. Determine r(0).
-328
Let y(z) = z**3 + 109*z**2 + 12*z + 6. Calculate y(0).
6
Let w(l) = -1671*l**2 - 28918*l - 8680. What is w(-17)?
7
Let x(r) = -2278*r - 1193637. What is x(-524)?
35
Let b(j) = -408*j - 20406. Calculate b(-50).
-6
Let h(c) = 1991*c + 583363. What is h(-293)?
0
Let v(u) = -205*u**2 - 4111*u - 249. Determine v(-20).
-29
Let y(u) = 5*u**2 - 2815156*u - 5630321. Give y(-2).
11
Let t(i) = -132*i**2 + 9075*i - 6739. What is t(68)?
-7
Let c(z) = -z**3 + 4*z**2 + 127*z. Determine c(14).
-182
Let u(w) = -w**2 + 215*w + 6258. What is u(241)?
-8
Let f(p) = -p**3 + 7*p**2 + 414*p + 2450. Give f(25).
1550
Let g(z) = -2*z**3 + 119*z**2 - 2085*z + 17139. What is g(38)?
1
Let v(m) = m**3 - 26*m**2 - 195*m + 4463. Determine v(12).
107
Let f(r) = -9*r**3 + 438*r**2 - 4378*r + 50. Determine f(14).
-90
Let u(x) = 15876*x - 476456. What is u(30)?
-176
Let a(u) = u**3 + 324*u**2 + 409*u + 27635. Calculate a(-323).
-143
Let r(d) = -323*d**3 + 4200*d**2 - 308*d + 3828. Determine r(13).
-7
Le